inder when 692 is divided by 44.
32
What is the remainder when 140001 is divided by 993?
981
What is the remainder when 27195 is divided by 340?
335
Calculate the remainder when 958 is divided by 30.
28
What is the remainder when 2632 is divided by 14?
0
What is the remainder when 29654 is divided by 1976?
14
What is the remainder when 25510 is divided by 1700?
10
What is the remainder when 64861 is divided by 26?
17
What is the remainder when 128363 is divided by 57?
56
Calculate the remainder when 4420 is divided by 4413.
7
Calculate the remainder when 9619 is divided by 1762.
809
Calculate the remainder when 2310 is divided by 1093.
124
What is the remainder when 163670 is divided by 18?
14
Calculate the remainder when 21113 is divided by 2103.
83
What is the remainder when 92335 is divided by 796?
795
Calculate the remainder when 10967 is divided by 2438.
1215
What is the remainder when 41762 is divided by 23?
17
What is the remainder when 55997 is divided by 2947?
4
What is the remainder when 4645 is divided by 522?
469
What is the remainder when 2624 is divided by 232?
72
Calculate the remainder when 17336 is divided by 23.
17
What is the remainder when 1209 is divided by 76?
69
Calculate the remainder when 51680 is divided by 177.
173
Calculate the remainder when 5638 is divided by 128.
6
Calculate the remainder when 1191198 is divided by 33.
30
Calculate the remainder when 1418 is divided by 236.
2
Calculate the remainder when 270613 is divided by 67650.
13
Calculate the remainder when 91561 is divided by 32.
9
Calculate the remainder when 6518 is divided by 112.
22
What is the remainder when 65341 is divided by 57?
19
Calculate the remainder when 41321 is divided by 379.
10
Calculate the remainder when 125213 is divided by 48.
29
What is the remainder when 57442 is divided by 10?
2
What is the remainder when 6963 is divided by 146?
101
Calculate the remainder when 6356 is divided by 1152.
596
What is the remainder when 117638 is divided by 117630?
8
Calculate the remainder when 13587 is divided by 758.
701
Calculate the remainder when 2220 is divided by 89.
84
What is the remainder when 2870831 is divided by 11?
7
What is the remainder when 7052 is divided by 550?
452
Calculate the remainder when 3211 is divided by 1066.
13
What is the remainder when 1050026 is divided by 1378?
1368
Calculate the remainder when 63375 is divided by 15839.
19
What is the remainder when 38521 is divided by 219?
196
Calculate the remainder when 1779 is divided by 23.
8
What is the remainder when 20629 is divided by 5156?
5
What is the remainder when 108149 is divided by 35?
34
Calculate the remainder when 17675 is divided by 213.
209
Calculate the remainder when 116466 is divided by 22.
20
Calculate the remainder when 5934 is divided by 14.
12
What is the remainder when 28499 is divided by 150?
149
What is the remainder when 1226 is divided by 143?
82
What is the remainder when 21632 is divided by 5400?
32
Calculate the remainder when 193306 is divided by 64425.
31
Calculate the remainder when 659358 is divided by 31398.
0
What is the remainder when 10149 is divided by 5074?
1
What is the remainder when 39345 is divided by 570?
15
What is the remainder when 81875 is divided by 12?
11
What is the remainder when 595 is divided by 24?
19
What is the remainder when 9558 is divided by 870?
858
Calculate the remainder when 591776 is divided by 47.
46
What is the remainder when 30359 is divided by 38?
35
What is the remainder when 19069 is divided by 2724?
1
What is the remainder when 342732 is divided by 85682?
4
Calculate the remainder when 3087 is divided by 3065.
22
What is the remainder when 580 is divided by 31?
22
Calculate the remainder when 92831 is divided by 195.
11
What is the remainder when 87036 is divided by 6693?
27
Calculate the remainder when 3916 is divided by 3684.
232
What is the remainder when 14230 is divided by 3556?
6
What is the remainder when 81249 is divided by 333?
330
What is the remainder when 15165 is divided by 65?
20
What is the remainder when 123479 is divided by 294?
293
Calculate the remainder when 6541 is divided by 816.
13
Calculate the remainder when 1648 is divided by 668.
312
Calculate the remainder when 33838 is divided by 423.
421
What is the remainder when 96401 is divided by 1928?
1
What is the remainder when 71976 is divided by 10266?
114
What is the remainder when 3069106 is divided by 1197?
1195
Calculate the remainder when 2105 is divided by 415.
30
Calculate the remainder when 102449 is divided by 30.
29
Calculate the remainder when 103841 is divided by 18.
17
What is the remainder when 34092 is divided by 55?
47
What is the remainder when 709177 is divided by 236390?
7
What is the remainder when 74396 is divided by 12395?
26
Calculate the remainder when 53688 is divided by 2982.
12
Calculate the remainder when 1712 is divided by 1706.
6
Calculate the remainder when 2155926 is divided by 1317.
1314
Calculate the remainder when 10976 is divided by 2475.
1076
What is the remainder when 4041 is divided by 1327?
60
What is the remainder when 93287 is divided by 440?
7
Calculate the remainder when 5244 is divided by 479.
454
What is the remainder when 6435 is divided by 712?
27
What is the remainder when 3484 is divided by 1153?
25
What is the remainder when 4245 is divided by 230?
105
Calculate the remainder when 622255 is divided by 142.
11
Calculate the remainder when 136623 is divided by 917.
907
What is the remainder when 1791379 is divided by 12?
7
What is the remainder when 370226 is divided by 19484?
30
Calculate the remainder when 369153 is divided by 339.
321
What is the remainder when 7889 is divided by 2573?
170
Calculate the remainder when 17449 is divided by 2662.
1477
Calculate the remainder when 25975 is divided by 21.
19
What is the remainder when 27393 is divided by 548?
541
Calculate the remainder when 63955 is divided by 592.
19
What is the remainder when 4701 is divided by 1634?
1433
What is the remainder when 90953 is divided by 163?
162
Calculate the remainder when 140332 is divided by 28063.
17
What is the remainder when 171450 is divided by 265?
260
What is the remainder when 172266 is divided by 172263?
3
Calculate the remainder when 2261 is divided by 621.
398
What is the remainder when 321768 is divided by 6846?
6
What is the remainder when 8636 is divided by 395?
341
Calculate the remainder when 16340 is divided by 72.
68
What is the remainder when 189514 is divided by 65?
39
What is the remainder when 1160 is divided by 358?
86
Calculate the remainder when 2798 is divided by 694.
22
Calculate the remainder when 6640296 is divided by 10.
6
What is the remainder when 18954 is divided by 492?
258
What is the remainder when 191688 is divided by 361?
358
What is the remainder when 4929476 is divided by 1601?
1598
Calculate the remainder when 813505 is divided by 292.
285
Calculate the remainder when 9339 is divided by 1828.
199
Calculate the remainder when 26428 is divided by 23.
1
What is the remainder when 2598958 is divided by 182?
180
What is the remainder when 2390 is divided by 238?
10
What is the remainder when 40336 is divided by 204?
148
What is the remainder when 119911 is divided by 8?
7
What is the remainder when 7983 is divided by 532?
3
Calculate the remainder when 2680 is divided by 237.
73
Calculate the remainder when 38014 is divided by 176.
174
Calculate the remainder when 4223 is divided by 248.
7
Calculate the remainder when 3692 is divided by 38.
6
Calculate the remainder when 2255 is divided by 409.
210
Calculate the remainder when 1479 is divided by 260.
179
Calculate the remainder when 275405 is divided by 91798.
11
Calculate the remainder when 1531 is divided by 245.
61
What is the remainder when 1000 is divided by 886?
114
What is the remainder when 128555 is divided by 16064?
43
Calculate the remainder when 9235 is divided by 14.
9
What is the remainder when 6399 is divided by 2122?
33
Calculate the remainder when 19046 is divided by 89.
0
Calculate the remainder when 8608 is divided by 4295.
18
What is the remainder when 12837 is divided by 508?
137
Calculate the remainder when 1027 is divided by 481.
65
Calculate the remainder when 92072 is divided by 241.
10